 by 2/(-6)*(-14 + (-6 - z))?
3
Suppose -2*y + 18 = 4*m - 0*y, 5*m = -2*y + 25. Suppose 414 = -h + m*h. Let v = 84 - h. What is the remainder when v is divided by 7?
1
Suppose 1575 = -25*i + 46*i. What is the remainder when i is divided by 15?
0
Suppose 7*q = 23*q - 1296. Suppose q*n + 20 = 83*n. Calculate the remainder when 46 is divided by n.
6
Let c(d) = d**2 - 165*d + 3060. What is the remainder when 377 is divided by c(144)?
17
Let j = 490 - 455. What is the remainder when 216 is divided by j?
6
Let o = 339 - 336. Suppose o*b + 2*q = -2 + 54, -3*q = -15. Calculate the remainder when 166 is divided by b.
12
Let o = 60 + -22. Let y = o - 53. Let g = -11 - y. What is the remainder when 4 is divided by g?
0
Let k(l) = 28*l**2 - 400*l - 1. Calculate the remainder when k(15) is divided by 42.
5
Let i(k) be the third derivative of 3*k**4/8 + 23*k**3/3 + k**2 - 20*k. Calculate the remainder when i(-4) is divided by 3.
1
Suppose -16442*h + 2*p - 238 = -16446*h, 3*h - 185 = -p. Suppose y - 2 = 0, f - y = 40 + 51. What is the remainder when f is divided by h?
27
Suppose 13 = 2*t + a, 2*t - a + 6*a = 33. Suppose c + 4*q = t, -3*c = -29*q + 30*q - 23. What is the remainder when 21 is divided by c?
5
Suppose -16*i - c - 652 = -19*i, 2*c + 868 = 4*i. Let x = -33 - -50. Calculate the remainder when i is divided by x.
14
Suppose -45*t = -148*t + 3502. What is the remainder when 209 is divided by t?
5
Let k = -2404 + 2670. What is the remainder when 583 is divided by k?
51
Suppose -10*f + 664 = -14*f. Let p = 208 - f. What is the remainder when p is divided by 47?
45
Let g(r) = r**2 + r + 7. Suppose -12*y + 968 = 284. Suppose -54*n = -y*n + 75. Calculate the remainder when g(-10) is divided by n.
22
What is the remainder when 326 is divided by (-1 - 18/2)*(-114 - -82)?
6
Suppose -278 = -27*v + 29*v. Let u = 228 + v. Suppose -6*i + 0*i + 180 = 0. What is the remainder when u is divided by i?
29
Suppose 0 = -5*d - 4*u + 862, -835 = -5*d - u + 6*u. Let n = -1506 + 1550. What is the remainder when d is divided by n?
38
Let j(p) = -p**3 + 6*p**2 + 5*p + 7. Let g be j(7). Let r(k) = -15*k + 9. Calculate the remainder when r(g) is divided by 29.
27
Let m be 252/(-189)*1*3/2. What is the remainder when 28 is divided by (-1 - (-1 - m)) + (18 - -1)?
11
Suppose 2*b = -4*q - 4, 6*q - 2*q - 4*b - 20 = 0. Let k(i) = 70*i**3 + 2*i**2 - 1. What is the remainder when k(q) is divided by 41?
30
Let n = -171 + 168. Calculate the remainder when 38 is divided by 12 + (-3)/(n + 0).
12
Let b(l) = 16*l + 4. Let j(p) = 19*p - 3624. What is the remainder when b(4) is divided by j(192)?
20
Suppose -2*q + 1246 = 4*k + 176, q - 539 = -3*k. Suppose -4*h = 5*l - 0*h - 173, -10 = -5*h. What is the remainder when q is divided by l?
32
Suppose -1158 = -x - j, 5*x - 5470 - 280 = 5*j. Let t(n) = n**2 - 317*n + 1955. Calculate the remainder when x is divided by t(6).
86
Let u = 2303 - 270. What is the remainder when u is divided by 226?
225
Let s(o) = -2*o**3 - 13*o**2 + 19*o + 18. Suppose -2*r - 18 - 30 = 5*m, 28 = -3*m - r. Calculate the remainder when s(m) is divided by 14.
2
Suppose 0 = 5*l - 20, -2*n + 111 + 85 = -5*l. Let y = 243 - n. What is the remainder when y is divided by 46?
43
Suppose 19*t + 186*t + 8*t = 39192. Calculate the remainder when 3491 is divided by t.
179
Let n = -4204 - -4416. Calculate the remainder when n is divided by 105.
2
Suppose -2*q - 2*q = -84. Let a(w) = 51*w - 4. Let y be a(5). Suppose 4*o = y + 45. Calculate the remainder when o is divided by q.
11
Suppose -183*z + 4492 + 18200 = 0. Calculate the remainder when 810 is divided by z.
66
Let k(l) = l**3 - 8*l**2 - 22*l + 30. Let t be k(10). Suppose -t*s = 16*s - 520. What is the remainder when 59 is divided by s?
19
Let w be (-4748)/(-18) + 23/(1449/14). Suppose 2*t - l = 134, 8*l - 12*l - w = -4*t. What is the remainder when 542 is divided by t?
66
Suppose 0 = -4*w + 3*s + 237, -8*w + 13*w + 4*s - 335 = 0. Suppose 0 = 69*d - w*d - 90. What is the remainder when d is divided by 9?
6
Suppose 177 = 31*y - 133. What is the remainder when 74 is divided by y?
4
Let i = -18424 - -18431. What is the remainder when 3673 is divided by i?
5
Let w = -19 - 3. Let c = w - -28. What is the remainder when 18 is divided by c/(36/21)*(2 - 0)?
4
Let x(q) = -q. Let j(h) = h**2 - 4*h - 4. Let i(k) = j(k) - x(k). Calculate the remainder when i(-5) is divided by (3 + 0 - 11)*10/(-8).
6
Let g = -48 + 69. Let q = -43 + 87. Suppose -q = -27*n + 23*n. What is the remainder when g is divided by n?
10
Let m be (-4)/22 - 3969/(-231). Suppose m*u = 8*u + 81. Suppose 429 = u*l + 2*l. Calculate the remainder when l is divided by 9.
3
Let w(o) = 7*o**2 - 337*o - 669. What is the remainder when 7978 is divided by w(-2)?
25
Suppose 8 = -4*a, 3*r = 4*r - 4*a - 65. What is the remainder when r is divided by 6?
3
Let s(g) = 2*g**2 + 5*g - 576. Calculate the remainder when s(-19) is divided by 5.
1
Let a be ((-2732)/10)/(-14 + 1088/80). Let n = -610 + a. What is the remainder when n is divided by 14?
3
What is the remainder when 188 is divided by (-444)/(-18)*30/20?
3
Let o = 656 - 137. Let j = o + -492. Calculate the remainder when j is divided by (4/(-6))/(2/(-18)).
3
Let d = -1559 + 1898. Calculate the remainder when 348 is divided by d.
9
Suppose 0 = -8*n + 20*n - 1356. Let t = n + -110. What is the remainder when 26 is divided by t?
2
Suppose -6*z + 5*z = 3, 551 = 5*a - 2*z. Suppose 3*v + 24 - 161 = -5*c, 5*v = 2*c - 61. Calculate the remainder when a is divided by c.
25
Suppose 19 + 23 = 4*s + 3*k, 5*k = 4*s - 26. Suppose -s + 1 = -4*w. Calculate the remainder when 2504/32 + w/(-8) is divided by 20.
18
Let k = -211 + 215. Suppose 5*n = -k*w + 58 - 10, -w + 33 = 3*n. What is the remainder when 309 is divided by n?
9
Suppose -63 = -3*b - 3*q, 2*b + 3*q = 3*b - 25. Let s be 4220/b + 10/55. Let w = s + -135. Calculate the remainder when w is divided by 30.
27
Let m(l) = 74*l + 86 + l**2 + 112*l - 147*l. Calculate the remainder when m(-38) is divided by 78/(-4)*4/(-6).
9
Suppose 3*s - 499 = 536. Suppose 3*g = -2*o + 166, -5*o = 181*g - 185*g + 252. What is the remainder when s is divided by g?
55
Let h be -1 - (-419)/(-3) - (-28)/42. Let s = 239 + h. What is the remainder when s is divided by 17?
14
Let p = 29 + -80. Let a(m) = 9*m**2 + 2*m + 3. Calculate the remainder when a(-3) is divided by 1/(p/(-453)) + (-2)/(-17).
6
Suppose 34*d - 1048 + 164 = 0. What is the remainder when (-641)/(-9) - 2/9 is divided by d?
19
Let g = 82 - 75. Let k(t) = 2*t**2 - 15*t + 7. Let h be k(g). Calculate the remainder when 125 is divided by (-72)/(3 + h)*14/(-42).
5
Calculate the remainder when 191 - ((-1)/3)/((-8)/(-6) - 1) is divided by -4*(-20)/2 - 1.
36
Suppose -70197 = -211*a + 52605. What is the remainder when a is divided by 191?
9
Let r(k) = -4266*k + 12867. What is the remainder when r(3) is divided by (23/2 - 3)*2?
1
Let q = -4479 + 4528. Calculate the remainder when 1965 is divided by q.
5
Let q be -349 - 21/(7/1). Let j = -336 - q. Suppose 4*c - 13 - 27 = 0. Calculate the remainder when j is divided by c.
6
Let t(j) = -72*j + 6904. What is the remainder when t(45) is divided by 92?
76
Calculate the remainder when (-670)/134 + (-1523 - -1)/(-2) + -1 is divided by 200.
155
Suppose 4*i + 4*r - 13876 = 0, 3303 = -4*i - r + 17179. What is the remainder when i is divided by 62?
59
Let b = 6322 + -6133. What is the remainder when b is divided by 1/1*-1 + 35 + 4?
37
Suppose 2*l = -14, q - 51*l = -54*l + 1527. Calculate the remainder when q is divided by 33.
30
Suppose -11*t = -332 - 196. Let l = -33 + t. Suppose 3*y = -3*x - 2*y + 90, 0 = -x - 2*y + 31. What is the remainder when x is divided by l?
10
Let r be 7 - (6 - (1 + -7)). What is the remainder when 137 is divided by ((-10)/(-30))/(r/(-435))?
21
Let r = 121 + -149. Let g(u) = -u**3 - 30*u**2 - 54*u + 74. Calculate the remainder when 358 is divided by g(r).
16
Let j = 12492 - 12225. What is the remainder when 8809 is divided by j?
265
Suppose -x - 36 = 171. What is the remainder when 2/7 - 677/(-7) is divided by -1 + 3 + x/(-9)?
22
Let c = -2470 - -2495. Calculate the remainder when 32 is divided by c.
7
Suppose 2*k - 3*k - 6 = -j, 0 = 2*k - 3*j + 16. Calculate the remainder when 129 is divided by (-2